?
1
What is the hundred thousands digit of 163941?
1
What is the thousands digit of 956742?
6
What is the thousands digit of 4842628?
2
What is the ten thousands digit of 346576?
4
What is the millions digit of 5893820?
5
What is the hundred thousands digit of 576740?
5
What is the hundreds digit of 3569445?
4
What is the ten millions digit of 28278564?
2
What is the millions digit of 19920580?
9
What is the ten thousands digit of 192028?
9
What is the units digit of 198333?
3
What is the thousands digit of 12204868?
4
What is the millions digit of 28212697?
8
What is the units digit of 7750961?
1
What is the units digit of 252527?
7
What is the ten thousands digit of 238667?
3
What is the hundreds digit of 17485552?
5
What is the units digit of 1564508?
8
What is the hundred thousands digit of 206315?
2
What is the hundreds digit of 14405336?
3
What is the thousands digit of 36137285?
7
What is the thousands digit of 791474?
1
What is the thousands digit of 290532?
0
What is the tens digit of 230041?
4
What is the ten thousands digit of 3650516?
5
What is the ten thousands digit of 238495?
3
What is the hundreds digit of 15495859?
8
What is the units digit of 1146236?
6
What is the units digit of 35164267?
7
What is the ten thousands digit of 3448100?
4
What is the units digit of 4297402?
2
What is the units digit of 3205210?
0
What is the thousands digit of 9438?
9
What is the ten thousands digit of 1896180?
9
What is the ten millions digit of 10157383?
1
What is the units digit of 36563747?
7
What is the thousands digit of 3725994?
5
What is the ten thousands digit of 21332185?
3
What is the hundreds digit of 3796790?
7
What is the hundred thousands digit of 123282?
1
What is the thousands digit of 3455279?
5
What is the tens digit of 5582991?
9
What is the ten thousands digit of 137531?
3
What is the units digit of 645064?
4
What is the units digit of 922213?
3
What is the units digit of 4750762?
2
What is the units digit of 938416?
6
What is the ten thousands digit of 164615?
6
What is the thousands digit of 5547676?
7
What is the hundreds digit of 205764?
7
What is the units digit of 269632?
2
What is the units digit of 1674869?
9
What is the thousands digit of 1577166?
7
What is the ten thousands digit of 132653?
3
What is the hundreds digit of 2699038?
0
What is the thousands digit of 2194180?
4
What is the millions digit of 2976489?
2
What is the hundreds digit of 5522027?
0
What is the hundreds digit of 8315082?
0
What is the hundred thousands digit of 353164?
3
What is the ten thousands digit of 805676?
0
What is the thousands digit of 134612?
4
What is the hundreds digit of 214748?
7
What is the thousands digit of 4754323?
4
What is the hundreds digit of 2141886?
8
What is the tens digit of 4792116?
1
What is the millions digit of 25073352?
5
What is the thousands digit of 4621782?
1
What is the thousands digit of 717935?
7
What is the units digit of 20736?
6
What is the units digit of 26040292?
2
What is the tens digit of 2015537?
3
What is the tens digit of 2402575?
7
What is the thousands digit of 1879382?
9
What is the tens digit of 1786951?
5
What is the ten millions digit of 12872241?
1
What is the thousands digit of 1394896?
4
What is the ten thousands digit of 81999?
8
What is the ten thousands digit of 2364591?
6
What is the tens digit of 11179?
7
What is the thousands digit of 1538795?
8
What is the units digit of 266336?
6
What is the hundreds digit of 8981462?
4
What is the hundred thousands digit of 12990818?
9
What is the units digit of 18187672?
2
What is the tens digit of 10553819?
1
What is the ten thousands digit of 691516?
9
What is the tens digit of 4539431?
3
What is the units digit of 15604539?
9
What is the hundred thousands digit of 118031?
1
What is the ten thousands digit of 44168?
4
What is the ten thousands digit of 957361?
5
What is the units digit of 390390?
0
What is the hundred thousands digit of 24285741?
2
What is the ten thousands digit of 57023?
5
What is the thousands digit of 1407136?
7
What is the ten thousands digit of 5121894?
2
What is the units digit of 156941?
1
What is the units digit of 5677723?
3
What is the hundred thousands digit of 2056901?
0
What is the hundreds digit of 572440?
4
What is the thousands digit of 312900?
2
What is the hundred thousands digit of 1968716?
9
What is the thousands digit of 117447?
7
What is the units digit of 811926?
6
What is the tens digit of 6489822?
2
What is the hundreds digit of 69929?
9
What is the ten millions digit of 28119902?
2
What is the hundreds digit of 1968364?
3
What is the tens digit of 12376512?
1
What is the thousands digit of 2311790?
1
What is the thousands digit of 7570795?
0
What is the hundreds digit of 10772703?
7
What is the thousands digit of 2630677?
0
What is the tens digit of 3171577?
7
What is the units digit of 3266144?
4
What is the units digit of 209755?
5
What is the units digit of 1211135?
5
What is the ten thousands digit of 10258921?
5
What is the ten thousands digit of 613690?
1
What is the units digit of 799174?
4
What is the ten thousands digit of 33609120?
0
What is the thousands digit of 490310?
0
What is the units digit of 658705?
5
What is the thousands digit of 622385?
2
What is the tens digit of 183499?
9
What is the units digit of 1968929?
9
What is the units digit of 439030?
0
What is the hundreds digit of 8330953?
9
What is the hundred thousands digit of 714468?
7
What is the ten thousands digit of 249438?
4
What is the ten thousands digit of 1599424?
9
What is the ten thousands digit of 4824263?
2
What is the hundred thousands digit of 478507?
4
What is the units digit of 5986530?
0
What is the millions digit of 10298861?
0
What is the ten thousands digit of 5700612?
0
What is the tens digit of 831522?
2
What is the tens digit of 501352?
5
What is the units digit of 329276?
6
What is the ten thousands digit of 11737934?
3
What is the units digit of 235279?
9
What is the ten thousands digit of 600828?
0
What is the ten thousands digit of 24056?
2
What is the thousands digit of 45423?
5
What is the millions digit of 17714887?
7
What is the units digit of 747732?
2
What is the thousands digit of 750559?
0
What is the millions digit of 5057863?
5
What is the millions digit of 12895005?
2
What is the tens digit of 178664?
6
What is the millions digit of 12625611?
2
What is the hundred thousands digit of 110385?
1
What is the ten thousands digit of 3981327?
8
What is the units digit of 14429?
9
What is the units digit of 49806?
6
What is the hundreds digit of 27976?
9
What is the units digit of 61521?
1
What is the thousands digit of 223205?
3
What is the ten thousands digit of 2334423?
3
What is the units digit of 844401?
1
What is the thousands digit of 508039?
8
What is the units digit of 620777?
7
What is the millions digit of 5152910?
5
What is the tens digit of 22142?
4
What is the ten thousands digit of 2663715?
6
What is the tens digit of 460502?
0
What is the ten thousands digit of 7691244?
9
What is the millions digit of 2669958?
2
What is the tens digit of 899183?
8
What is the tens digit of 268510?
1
What is the millions digit of 2183869?
2
What is the thousands digit of 255878?
5
What is the tens digit of 270312?
1
What is the thousands digit of 342893?
2
What is the hundreds digit of 241102?
1
What is the thousands digit of 1578508?
8
What is the tens digit of 36912?
1
What is the units digit of 90473?
3
What is the tens digit of 9393231?
3
What is the units digit of 951304?
4
What is the hundreds digit of 1418326?
3
What is the hundreds digit of 172643?
6
What is the tens digit of 977677?
7
What is the thousands digit of 661563?
1
What is the hundreds digit of 1304212?
2
What is the millions digit of 4310700?
4
What is the hundreds digit of 2503?
5
What is the thousands digit of 1249874?
9
What is the millions digit of 9094639?
9
What is the tens digit of 110773?
7
What is the millions digit of 9824950?
9
What is the ten thousands digit of 9269541?
6
What is the units digit of 7664776?
6
What is the units digit of 3236968?
8
What is the hundred thousands digit of 841325?
8
What is the hundreds digit of 4016178?
1
What is the hundreds digit of 5075526?
5
What is the tens digit of 525740?
4
